mber?
False
Suppose -4*h + 7855 = 3*m, -4*h + 3*m + 4474 = -3375. Suppose -h = -5*o + 1402. Is o a composite number?
False
Suppose 0 = 6*y - 8 - 4. Suppose -y*u - 191 = -3*u. Suppose n + 0*n = u. Is n composite?
False
Suppose -3 = 5*k - 8*k. Let w be 1/(k/((-3)/(-3))). Let y(t) = 71*t**2 + t - 1. Is y(w) a composite number?
False
Let r = -11 + 12. Let x(w) = 3*w**3 - w**2 + w - 1. Let f be x(r). Suppose -t + f*s + 25 = 0, 51 = 2*t - 0*t - 5*s. Is t a prime number?
True
Let s = 2515 + -38. Is s composite?
False
Suppose -t - l = -2995, -2*t - l + 3150 = -2836. Is t a prime number?
False
Let p(y) = 35*y**2 - y + 4. Let v be p(4). Suppose 2*h = v + 712. Is h/12 + 2*-1 a prime number?
False
Suppose -i + 14 = 3*v, 2*i = -v - 0*v + 8. Suppose -895 = i*d - 7*d. Is d prime?
True
Let f = 10 + -16. Is (-273)/(-4) - f/8 prime?
False
Suppose -7*s = s - 192. Suppose -u - 2*y - s = 3*y, 2*u = -3*y - 13. Is u/(2/1142 - 0) a composite number?
False
Suppose 5*n + 5*n - 80 = 0. Suppose -1631 = 7*y - n*y. Is y a composite number?
True
Let j be ((-4)/10)/((-9)/(-225)). Is ((-213)/(-6))/((-5)/j) composite?
False
Is 2/((-4)/(-14)) + 5706 composite?
True
Suppose s = 12 - 7. Suppose -2*o + 914 = -4*p, -2*p - 2350 = -5*o - s*p. Is o prime?
True
Let o(m) = 6*m**3 - m**2 + 5*m - 6. Let v(w) = 19*w**3 - 3*w**2 + 14*w - 18. Let h(s) = -7*o(s) + 2*v(s). Let t be h(4). Let y = t - -385. Is y composite?
True
Let z(i) = 104*i - 309. Is z(14) a prime number?
False
Suppose -w - s = -6*s - 10171, 5*s = 10. Is w a prime number?
True
Let x(j) = 3*j**2 + 22*j + 65. Let h be x(-20). Let f = -176 + h. Is f prime?
False
Suppose -2 = 2*b - 4, -5*k = b - 26. Is k/(-30) + 2239/6 a composite number?
False
Suppose 0 = 2*l - s - 9, 5*l - 3*s - 20 - 3 = 0. Suppose 0*n + l = 2*n. Suppose n*k = -5*g + 735, 4*g - 616 = 5*k - k. Is g composite?
False
Suppose 3*o + 36 - 33 = 0. Let d be (-2 - o)*-3*-1. Is d + 665 - 9/3 composite?
False
Let p = 10 - 6. Suppose -5*j = a - 938, -j - 5*a = 3*j - 763. Suppose -j = -p*b + 321. Is b a prime number?
True
Is (-4)/6 + (-6504252)/(-36) + 12 prime?
False
Let h(k) = -12*k**3 - 5*k**2 + 5*k + 17. Is h(-4) composite?
True
Suppose -4*m + 5*c = -81163, 101444 = -7*m + 12*m - 3*c. Is m a composite number?
False
Let u be (57 - -2)/(-1*1). Suppose 0 = 2*r - 5*f - 16, -3*r - 4*f + 7*f + 6 = 0. Is (1 - u) + (r - 0) composite?
True
Let s(n) = -97*n + 5. Let r be s(7). Suppose 8*c = 2*c - 2274. Let x = c - r. Is x a composite number?
True
Is (8/(-100)*-35)/(8/4460) prime?
False
Is 1455/5*35/15 composite?
True
Suppose 0 = -3*m - 3*p - p + 1732, 5*m - 2896 = -2*p. Suppose -3*a = -8*a + 30. Suppose -m = -4*g + 2*d, -435 = -3*g + a*d - d. Is g composite?
True
Let i be 2/(-23) + (-2272)/(-736). Suppose -z = -3*u + u + 1834, i*u - 3*z = 2745. Is u composite?
False
Let s be (96/28)/(3/84). Let i = s - -91. Is i composite?
True
Let w(t) = t**3 - t**2 - 9*t + 1. Let f(a) = -9*a**3 + 3*a + 2. Let h be f(-1). Is w(h) composite?
True
Let f = 7283 + -5172. Is f composite?
False
Let n(o) be the second derivative of 2*o**5/15 - 5*o**4/24 + o**3/6 + 4*o**2 + 7*o. Let z(b) be the first derivative of n(b). Is z(-4) a prime number?
True
Let w = -939 - -3094. Is w prime?
False
Let j(t) = -8*t**2 - 15 - 12*t - 2*t + 9*t**2. Let g be j(15). Suppose g = -5*p - 217 + 927. Is p composite?
True
Let t(m) = m**3 + 39*m**2 + 63*m - 54. Let o be t(-26). Let x(h) = -4*h**2 + h + 2. Let g be x(-2). Is (o/g)/(2/(-4)) prime?
True
Let j = 4 + 0. Let z(m) = 86*m**2 - m - 4. Let c be z(j). Suppose -4*g + c = w, -2*w + 1031 = 2*g + g. Is g a composite number?
True
Is (-3)/(1309114/(-163622) - (-8 + 0)) a prime number?
True
Let v(h) = -12*h**3. Let x be v(-1). Suppose x - 3 = -3*d. Is 33*(0 + (-3)/d) prime?
False
Suppose 0 = -64*p + 78*p + 7434. Suppose 316 = 3*u - 5954. Let s = p + u. Is s prime?
True
Let j(z) = 4688*z - 451. Is j(18) a prime number?
True
Let a = -17 + 17. Suppose -5*w + 8*w - 753 = a. Is w a composite number?
False
Suppose 29*a = 119427 + 8086. Is a a prime number?
True
Let z(n) = n**2 + 8*n + 7. Let t(k) = -k + 9. Let s be t(9). Let p = -8 - s. Is z(p) a composite number?
False
Let n(o) = -142*o - 37. Let h = -66 - -61. Is n(h) a prime number?
True
Let d(q) = 383*q - 297. Is d(26) a prime number?
True
Let m = 81 + -53. Is 3 + ((-38016)/(-28) - (-8)/m) prime?
True
Suppose 0 = -2*m - 11 + 9. Let b(p) = -111*p**3 - 1. Let n be b(m). Let l = n + -76. Is l composite?
True
Suppose 2*d = -l + 10, -4*l = -0*d + 3*d - 55. Is 3 + (l/(-3))/(6/(-369)) a composite number?
False
Let m be (10374/(-5))/((-3)/30). Suppose 8*q + m = 4*q. Is q/(-28) - 1/4 a prime number?
False
Let y = 490 - -7239. Is y a prime number?
False
Let d be (1/(-3))/((-2)/12). Suppose 0 = 2*g - 4*g - 2*j + 1254, d*j = -8. Is g a prime number?
True
Let y(w) = -105*w + 52. Is y(-11) a composite number?
True
Let p be 4120 + (1 - 1 - 3). Suppose -17302 = -9*k - p. Is k a composite number?
True
Let c(q) = -7*q - 4. Let g be c(-1). Suppose -5*p = g*l - 2102, -841 = -2*l - 4*p + 557. Is l prime?
True
Suppose -5*h - 4518 = -4*j - 19863, h + 3*j - 3050 = 0. Suppose -3*u = 2*u - h. Is u a prime number?
True
Let v be -2 + 4 - (-2 - 4/(-2)). Suppose 0 = -5*d - 4*m + 2949, 2*m + v = 4. Is d a composite number?
True
Suppose -3*d + 2 = -5*a, 0 = 2*d + d - 12. Is -1 + a - (-30)/6 a prime number?
False
Let a be 28/35 + (-26)/(-5). Suppose a*o = 2*o + 1228. Is o prime?
True
Let x = 489 + -146. Suppose t = 5*w - 109 + x, -5*w - 732 = -3*t. Is t composite?
True
Suppose -20*x + 16*x + 1491 = y, x + 1516 = y. Is y a prime number?
True
Let h be ((-16)/6 + 2)*(-66)/4. Suppose h*n = 16478 - 4851. Is n composite?
True
Let z be (-12)/(-8)*(419 - 1). Let t be -3*1 + z + 4. Is 2/4 + t/8 prime?
True
Let o(b) = -14*b**2 + b. Let f be o(-1). Let n = f - -15. Suppose -w + 33 = -n*w. Is w a composite number?
True
Let w be (69 - 0) + 6 + -7. Suppose o + w = 1113. Suppose 5*j - o = -4*x - 0*x, 4*j + 5*x - 836 = 0. Is j prime?
False
Let j = -24 + 30. Suppose 4*f - j*f = -670. Is f a composite number?
True
Is 32/((-64)/8) - -1223 prime?
False
Let c(r) = 20945*r - 48. Is c(1) a prime number?
True
Let w = -10 - -13. Suppose 3*t - 18 = -w*i, t - 2 = 3*i - 4. Suppose 1002 = i*m - 268. Is m prime?
False
Suppose 2*v = 10*v - 448. Let g = 135 - v. Is g a composite number?
False
Suppose -31*m - 31*m = -1459666. Is m composite?
True
Suppose -4*n + 5146 + 7166 = -2*v, 5*v - 15405 = -5*n. Is n prime?
True
Suppose q - 2*v = 2*v + 15, -4*q = v - 60. Let a be -3 - q/(6/(-2)). Suppose a*g = -g + 69. Is g prime?
True
Let m(p) = p**3 + p**2 - 3*p - 1. Let t(h) be the third derivative of h**6/120 - h**5/20 - h**4/12 - h**3/2 - 4*h**2. Let z be t(4). Is m(z) a prime number?
False
Suppose 4*v = 3*v + 82. Let y = 113 - v. Is y prime?
True
Let h(r) = 18*r - 29. Let w be h(14). Let l = w + -84. Is l composite?
False
Let j = 39 - 141. Suppose 4*c = 5*t - 17, -t - 2 = 4*c + 9. Is 2*(t + j/(-4)) a composite number?
False
Suppose 5*f = 3*g + 249, 3*f - 2*g = -6*g + 132. Let r = -9 + -3. Is f + r + -2 + 1 composite?
True
Suppose 5*x + 5672 = 4*z - 0*x, 0 = -4*z - 3*x + 5672. Is z composite?
True
Suppose y - h - 213 = 0, -416 = -2*y + h - 4*h. Is y prime?
True
Is (-2 - (-5)/2) + (-53214)/(-28) a composite number?
False
Let l(o) = -2*o + 2. Let n(w) = -w**2 + 1. Let s(u) = -l(u) + n(u). Let d be s(2). Is d/(477/(-237) - -2) a prime number?
True
Is (-210)/(-1) - (-32 + 31) a prime number?
True
Let a = 14324 + 37149. Is a composite?
False
Suppose -5*p - 27620 = -w - 0*p, 55165 = 2*w + 5*p. Is w composite?
True
Suppose 0 = 5*w + g + 3*g - 11939, w - 2411 = 5*g. Is w a prime number?
False
Suppose -6*r - 6 = -3*r. Is 1760/(r - -3) - 3 a composite number?
True
Let q be (-63)/(-7) - 2/(4/6). Is (8 - q) + (1144 - -1) a composite number?
True
Suppose 11*n = 10*n + 7901. Is n prime?
True
Let b = -5 + 2. Let m be 9/b*(-303)/9. Suppose 5*x + 111 = 2*t, -2*t + m = -3*x + 8*x. Is t composite?
False
Let y be 8/6*(-1 + 4). Suppose -y*s = s - 280. Suppose 0 = -4*w + s. Is w composite?
True
Suppose 3*k = 4*t - 420, -k + 105 = 3*t - 2*t. Let x(o) = -3*o - 4 + t*o + 3. Is x(4) a composite number?
True
Suppose 2472 = 3*a + 942. Let y = 1067 - a. Is y a composite number?
False
Suppose -15*b - 1018 = -20*b - 2*k, -5*